{"id":442,"date":"2022-09-20T14:59:53","date_gmt":"2022-09-20T14:59:53","guid":{"rendered":"https:\/\/dev.continentalrack.fr\/?post_type=product&#038;p=442"},"modified":"2023-03-02T15:13:25","modified_gmt":"2023-03-02T15:13:25","slug":"sabot-de-protection","status":"publish","type":"product","link":"https:\/\/wallonie.continentalrack.be\/?product=sabot-de-protection","title":{"rendered":"Sabot de protection"},"content":{"rendered":"<p>Ind\u00e9pendant des montants de rayonnage, le sabot de protection est indispensable au sein des entrep\u00f4ts pour prot\u00e9ger les angles de rayonnages des collisions.<br \/>\nLe profil en L prot\u00e8ge les angles tandis que le profil U sert pour une protection de face.<\/p>\n","protected":false},"excerpt":{"rendered":"<p>Ind\u00e9pendant des montants de rayonnage, le sabot de protection est indispensable au sein des entrep\u00f4ts pour prot\u00e9ger les angles de rayonnages des collisions. Le profil en L prot\u00e8ge les angles tandis que le profil U sert pour une protection de face.<\/p>\n","protected":false},"featured_media":443,"comment_status":"open","ping_status":"closed","template":"","meta":{"_acf_changed":false,"_et_pb_use_builder":"","_et_pb_old_content":"","_et_gb_content_width":""},"product_brand":[],"product_cat":[60,33,31,24,19,45],"product_tag":[],"class_list":{"0":"post-442","1":"product","2":"type-product","3":"status-publish","4":"has-post-thumbnail","6":"product_cat-autre","7":"product_cat-divers","8":"product_cat-rayonnages-a-palettes","9":"product_cat-securiser","10":"product_cat-stockage-de-palettes","11":"product_cat-stocker","13":"first","14":"instock","15":"shipping-taxable","16":"product-type-simple"},"acf":[],"_links":{"self":[{"href":"https:\/\/wallonie.continentalrack.be\/index.php?rest_route=\/wp\/v2\/product\/442","targetHints":{"allow":["GET"]}}],"collection":[{"href":"https:\/\/wallonie.continentalrack.be\/index.php?rest_route=\/wp\/v2\/product"}],"about":[{"href":"https:\/\/wallonie.continentalrack.be\/index.php?rest_route=\/wp\/v2\/types\/product"}],"replies":[{"embeddable":true,"href":"https:\/\/wallonie.continentalrack.be\/index.php?rest_route=%2Fwp%2Fv2%2Fcomments&post=442"}],"wp:featuredmedia":[{"embeddable":true,"href":"https:\/\/wallonie.continentalrack.be\/index.php?rest_route=\/wp\/v2\/media\/443"}],"wp:attachment":[{"href":"https:\/\/wallonie.continentalrack.be\/index.php?rest_route=%2Fwp%2Fv2%2Fmedia&parent=442"}],"wp:term":[{"taxonomy":"product_brand","embeddable":true,"href":"https:\/\/wallonie.continentalrack.be\/index.php?rest_route=%2Fwp%2Fv2%2Fproduct_brand&post=442"},{"taxonomy":"product_cat","embeddable":true,"href":"https:\/\/wallonie.continentalrack.be\/index.php?rest_route=%2Fwp%2Fv2%2Fproduct_cat&post=442"},{"taxonomy":"product_tag","embeddable":true,"href":"https:\/\/wallonie.continentalrack.be\/index.php?rest_route=%2Fwp%2Fv2%2Fproduct_tag&post=442"}],"curies":[{"name":"wp","href":"https:\/\/api.w.org\/{rel}","templated":true}]}}