{"id":423,"date":"2022-09-20T14:51:15","date_gmt":"2022-09-20T14:51:15","guid":{"rendered":"https:\/\/dev.continentalrack.fr\/?post_type=product&#038;p=423"},"modified":"2023-03-03T12:39:33","modified_gmt":"2023-03-03T12:39:33","slug":"comptoir-galva","status":"publish","type":"product","link":"https:\/\/wallonie.continentalrack.be\/?product=comptoir-galva","title":{"rendered":"Comptoir galva"},"content":{"rendered":"<p>Fabriqu\u00e9 \u00e0 vos mesures, les comptoirs Continental Rack doivent r\u00e9pondre \u00e0 vos besoins. Ils sont pr\u00e9-assembl\u00e9s en usine afin de v\u00e9rifier lors du montage sur place que le monteur ou vous-m\u00eame n\u2019ayez aucun probl\u00e8me. Les prix de nos comptoirs sont tr\u00e8s comp\u00e9titifs.<br \/>\nNous pouvons par soucis de facilit\u00e9 de nettoyage ou d\u2019aspect, vernir ou teinter l\u2019ensemble des rayonnages.<\/p>\n","protected":false},"excerpt":{"rendered":"<p>Dessus en m\u00e9lamin\u00e9, \u00e9paisseur 38 mm, coloris \u00e0 votre choix<br \/>\nC\u00f4t\u00e9s en m\u00e9lamin\u00e9, \u00e9paisseur 22 mm, coloris \u00e0 votre choix<br \/>\nTiroirs en diff\u00e9rentes \u00e9paisseurs, finition galva, hauteur et largeur \u00e0 votre choix, quantit\u00e9 de 2 \u00e0 4 selon les comptoirs \u2013 plus si vous le d\u00e9sirez<br \/>\nPortes en bois massif, \u00e9paisseur 18 mm, coloris standard, hauteur et largeur \u00e0 votre choix, quantit\u00e9 de 1 \u00e0 2 selon les comptoirs, type battante<\/p>\n","protected":false},"featured_media":425,"comment_status":"open","ping_status":"closed","template":"","meta":{"_acf_changed":false,"_et_pb_use_builder":"","_et_pb_old_content":"","_et_gb_content_width":""},"product_brand":[],"product_cat":[17,60,30],"product_tag":[],"class_list":{"0":"post-423","1":"product","2":"type-product","3":"status-publish","4":"has-post-thumbnail","6":"product_cat-agencer-une-surface-de-vente","7":"product_cat-autre","8":"product_cat-rayonnages-galvanises","10":"first","11":"instock","12":"shipping-taxable","13":"product-type-simple"},"acf":[],"_links":{"self":[{"href":"https:\/\/wallonie.continentalrack.be\/index.php?rest_route=\/wp\/v2\/product\/423","targetHints":{"allow":["GET"]}}],"collection":[{"href":"https:\/\/wallonie.continentalrack.be\/index.php?rest_route=\/wp\/v2\/product"}],"about":[{"href":"https:\/\/wallonie.continentalrack.be\/index.php?rest_route=\/wp\/v2\/types\/product"}],"replies":[{"embeddable":true,"href":"https:\/\/wallonie.continentalrack.be\/index.php?rest_route=%2Fwp%2Fv2%2Fcomments&post=423"}],"wp:featuredmedia":[{"embeddable":true,"href":"https:\/\/wallonie.continentalrack.be\/index.php?rest_route=\/wp\/v2\/media\/425"}],"wp:attachment":[{"href":"https:\/\/wallonie.continentalrack.be\/index.php?rest_route=%2Fwp%2Fv2%2Fmedia&parent=423"}],"wp:term":[{"taxonomy":"product_brand","embeddable":true,"href":"https:\/\/wallonie.continentalrack.be\/index.php?rest_route=%2Fwp%2Fv2%2Fproduct_brand&post=423"},{"taxonomy":"product_cat","embeddable":true,"href":"https:\/\/wallonie.continentalrack.be\/index.php?rest_route=%2Fwp%2Fv2%2Fproduct_cat&post=423"},{"taxonomy":"product_tag","embeddable":true,"href":"https:\/\/wallonie.continentalrack.be\/index.php?rest_route=%2Fwp%2Fv2%2Fproduct_tag&post=423"}],"curies":[{"name":"wp","href":"https:\/\/api.w.org\/{rel}","templated":true}]}}