{"id":415,"date":"2022-09-20T14:46:26","date_gmt":"2022-09-20T14:46:26","guid":{"rendered":"https:\/\/dev.continentalrack.fr\/?post_type=product&#038;p=415"},"modified":"2023-03-03T12:54:34","modified_gmt":"2023-03-03T12:54:34","slug":"cloisons-bureau","status":"publish","type":"product","link":"https:\/\/wallonie.continentalrack.be\/?product=cloisons-bureau","title":{"rendered":"Cloisons bureau"},"content":{"rendered":"<p>Notre cloison modulaire permet d\u2019isoler les produits dangereux et d\u00e9limite clairement les zones \u00e0 risques des entrep\u00f4ts. Elle permet \u00e9galement de cr\u00e9er des bureaux ou des vestiaires.<br \/>\nNos cloisons peuvent \u00eatre recouvertes soit d&rsquo;un vinyle de chaque c\u00f4t\u00e9 soit d&rsquo;un placo pl\u00e2tre pr\u00eat \u00e0 peindre.<\/p>\n<p><strong>Les avantages :<\/strong><\/p>\n<ul>\n<li>Facile \u00e0 monter \u2013 d\u00e9montable et repositionnable<\/li>\n<li>Rapide \u00e0 monter<\/li>\n<li>Plusieurs types de finitions<\/li>\n<li>Insonorisation<\/li>\n<li>R\u00e9sistance au feu<\/li>\n<\/ul>\n<p><strong>Type d\u2019utilisation :<\/strong><\/p>\n<ul>\n<li>Bureaux<\/li>\n<li>Vestiaires<\/li>\n<li>Toilettes<\/li>\n<\/ul>\n","protected":false},"excerpt":{"rendered":"<p><strong>Les panneaux :<\/strong><br \/>\nHauteurs : 2400 \/ 3600 (sur commande jusque 6300 mm sans structure)<br \/>\n\u00c9paisseurs : 54 \/ 70 \/ 90 \/ 100 \/ 135 \/ 148 \/ 200 mm<br \/>\nR\u00e9sistance au feu : de 45 mn \u00e0 plus de 120 mn<\/p>\n<p><strong>Les portes :<\/strong><br \/>\nLargeurs : 830 \/ 930 \/ 1030 mm \u2013 double porte \u2013 sur mesures<br \/>\nType : Battante<br \/>\nFen\u00eatre standard : 1200 par 1200 mm \u2013 simple ou double vitrage<\/p>\n","protected":false},"featured_media":416,"comment_status":"open","ping_status":"closed","template":"","meta":{"_acf_changed":false,"_et_pb_use_builder":"","_et_pb_old_content":"","_et_gb_content_width":""},"product_brand":[],"product_cat":[60,33],"product_tag":[],"class_list":{"0":"post-415","1":"product","2":"type-product","3":"status-publish","4":"has-post-thumbnail","6":"product_cat-autre","7":"product_cat-divers","9":"first","10":"instock","11":"shipping-taxable","12":"product-type-simple"},"acf":[],"_links":{"self":[{"href":"https:\/\/wallonie.continentalrack.be\/index.php?rest_route=\/wp\/v2\/product\/415","targetHints":{"allow":["GET"]}}],"collection":[{"href":"https:\/\/wallonie.continentalrack.be\/index.php?rest_route=\/wp\/v2\/product"}],"about":[{"href":"https:\/\/wallonie.continentalrack.be\/index.php?rest_route=\/wp\/v2\/types\/product"}],"replies":[{"embeddable":true,"href":"https:\/\/wallonie.continentalrack.be\/index.php?rest_route=%2Fwp%2Fv2%2Fcomments&post=415"}],"wp:featuredmedia":[{"embeddable":true,"href":"https:\/\/wallonie.continentalrack.be\/index.php?rest_route=\/wp\/v2\/media\/416"}],"wp:attachment":[{"href":"https:\/\/wallonie.continentalrack.be\/index.php?rest_route=%2Fwp%2Fv2%2Fmedia&parent=415"}],"wp:term":[{"taxonomy":"product_brand","embeddable":true,"href":"https:\/\/wallonie.continentalrack.be\/index.php?rest_route=%2Fwp%2Fv2%2Fproduct_brand&post=415"},{"taxonomy":"product_cat","embeddable":true,"href":"https:\/\/wallonie.continentalrack.be\/index.php?rest_route=%2Fwp%2Fv2%2Fproduct_cat&post=415"},{"taxonomy":"product_tag","embeddable":true,"href":"https:\/\/wallonie.continentalrack.be\/index.php?rest_route=%2Fwp%2Fv2%2Fproduct_tag&post=415"}],"curies":[{"name":"wp","href":"https:\/\/api.w.org\/{rel}","templated":true}]}}