{"id":403,"date":"2022-09-20T14:38:05","date_gmt":"2022-09-20T14:38:05","guid":{"rendered":"https:\/\/dev.continentalrack.fr\/?post_type=product&#038;p=403"},"modified":"2023-03-03T14:07:21","modified_gmt":"2023-03-03T14:07:21","slug":"cloisons-grillagees","status":"publish","type":"product","link":"https:\/\/wallonie.continentalrack.be\/?product=cloisons-grillagees","title":{"rendered":"Cloison grillag\u00e9e"},"content":{"rendered":"<p>La cloison grillag\u00e9e permet de s\u00e9parer et de d\u00e9limiter des zones de circulation, de stockage ou de travail. Ces cloisons ont l&rsquo;avantage de pouvoir s&rsquo;adapter totalement \u00e0 l&rsquo;espace de travail sans avoir \u00e0 changer celui-ci.<\/p>\n<p>La cloison grillag\u00e9e :<br \/>\n&#8211; Prot\u00e8ge les salari\u00e9s des zones dangereuses<br \/>\n&#8211; D\u00e9limite les zones de stockage et les postes de travail<br \/>\n&#8211; Organise les sites de production<br \/>\n&#8211; S\u00e9curise les marchandises contre le vol et la d\u00e9t\u00e9rioration<\/p>\n<p>Avantages:<br \/>\n&#8211; Montage facile et rapide<br \/>\n&#8211; Syst\u00e8me modulaire, adaptable \u00e0 chaque zone<br \/>\n&#8211; Prolongement et modification ais\u00e9e<\/p>\n","protected":false},"excerpt":{"rendered":"<ul>\n<li>En m\u00e9tal \u2013 maille de 50 X 50<\/li>\n<li>R\u00e9sistant<\/li>\n<li>Fix\u00e9 sur les rayonnages\n<\/ul>\n","protected":false},"featured_media":407,"comment_status":"open","ping_status":"closed","template":"","meta":{"_acf_changed":false,"_et_pb_use_builder":"","_et_pb_old_content":"","_et_gb_content_width":""},"product_brand":[],"product_cat":[18,60,44,24],"product_tag":[],"class_list":{"0":"post-403","1":"product","2":"type-product","3":"status-publish","4":"has-post-thumbnail","6":"product_cat-amenager-une-surface-de-stockage","7":"product_cat-autre","8":"product_cat-cloisons-grillagees","9":"product_cat-securiser","11":"first","12":"instock","13":"shipping-taxable","14":"product-type-simple"},"acf":[],"_links":{"self":[{"href":"https:\/\/wallonie.continentalrack.be\/index.php?rest_route=\/wp\/v2\/product\/403","targetHints":{"allow":["GET"]}}],"collection":[{"href":"https:\/\/wallonie.continentalrack.be\/index.php?rest_route=\/wp\/v2\/product"}],"about":[{"href":"https:\/\/wallonie.continentalrack.be\/index.php?rest_route=\/wp\/v2\/types\/product"}],"replies":[{"embeddable":true,"href":"https:\/\/wallonie.continentalrack.be\/index.php?rest_route=%2Fwp%2Fv2%2Fcomments&post=403"}],"wp:featuredmedia":[{"embeddable":true,"href":"https:\/\/wallonie.continentalrack.be\/index.php?rest_route=\/wp\/v2\/media\/407"}],"wp:attachment":[{"href":"https:\/\/wallonie.continentalrack.be\/index.php?rest_route=%2Fwp%2Fv2%2Fmedia&parent=403"}],"wp:term":[{"taxonomy":"product_brand","embeddable":true,"href":"https:\/\/wallonie.continentalrack.be\/index.php?rest_route=%2Fwp%2Fv2%2Fproduct_brand&post=403"},{"taxonomy":"product_cat","embeddable":true,"href":"https:\/\/wallonie.continentalrack.be\/index.php?rest_route=%2Fwp%2Fv2%2Fproduct_cat&post=403"},{"taxonomy":"product_tag","embeddable":true,"href":"https:\/\/wallonie.continentalrack.be\/index.php?rest_route=%2Fwp%2Fv2%2Fproduct_tag&post=403"}],"curies":[{"name":"wp","href":"https:\/\/api.w.org\/{rel}","templated":true}]}}