{"id":384,"date":"2022-09-20T13:59:22","date_gmt":"2022-09-20T13:59:22","guid":{"rendered":"https:\/\/dev.continentalrack.fr\/?post_type=product&#038;p=384"},"modified":"2022-10-07T13:01:29","modified_gmt":"2022-10-07T13:01:29","slug":"rayonnages-mi-lourd","status":"publish","type":"product","link":"https:\/\/wallonie.continentalrack.be\/?product=rayonnages-mi-lourd","title":{"rendered":"Rayonnages mi-lourd"},"content":{"rendered":"<p>Ce rayonnage pr\u00e9sente une flexibilit\u00e9 importante, offrant des possibilit\u00e9s d\u2019adaptation illimit\u00e9es en fonction des besoins. Id\u00e9al pour le stockage des charges non palettis\u00e9es volumineuses.<br \/>\nIl permet de stocker toutes sortes de produits : cartons, pneu, pi\u00e8ces d\u00e9tach\u00e9es, \u2026<\/p>\n<p>Nous pouvons \u00e9quiper soit \u00e0 chaque niveau des bacs de r\u00e9tention soit sous le rayonnage pour les produits n\u00e9cessitant cette protection<br \/>\nNous pouvons gr\u00e2ce \u00e0 sa solidit\u00e9 pr\u00e9voir des mezzanines sur ce type de rayonnage, on \u00e9vite \u00e0 ce moment-l\u00e0 le co\u00fbt de la structure, ce qui est avantageux au niveau p\u00e9cunier.<\/p>\n","protected":false},"excerpt":{"rendered":"<p><strong>Les Montants \u2013 RAL Bleu 5003<\/strong><br \/>\nHauteur des montants standards : 2000 \/ 2500<br \/>\nHauteurs possibles sur commande : 3000 \/ 3500 \/ 4000 \/ 4500 \/ 5000 \/ 5500 \/ 6000<br \/>\nPerforation standard : Au pas de 50 mm<br \/>\nCharge admissible jusqu\u2019 \u00e0 7500 Kg &#8211; selon espacement entre les niveaux<\/p>\n<p><strong>Les niveaux \u2013 RAL orange 2004<\/strong><br \/>\nLisse standard : 1850 mm<br \/>\nCapacit\u00e9 de charge : 490 Kg \/ tablette uniform\u00e9ment r\u00e9partie<br \/>\nAutres dimensions de lisses : 950 \/ 1150 \/ 1350 \/ 1500 \/ 1800 \/ 1850 \/ 2250 \/ 2400 \/ 2700 mm<br \/>\nCapacit\u00e9 de charge sur commande : de 330 \u00e0 2300 kg \/ par niveau \u2013 charge uniform\u00e9ment r\u00e9partie<br \/>\nProfondeurs standard : 400 \/ 500 \/ 600 \/ 700 \/ 800 \/ 900 \/ 1000 \/ 1100 \/ 1200 mm<br \/>\nPanneau bois pour les niveaux : Agglom\u00e9r\u00e9 22 mm<br \/>\nPanneau tol\u00e9 galvanis\u00e9 sur commande<\/p>\n","protected":false},"featured_media":389,"comment_status":"open","ping_status":"closed","template":"","meta":{"_acf_changed":false,"_et_pb_use_builder":"","_et_pb_old_content":"","_et_gb_content_width":""},"product_brand":[],"product_cat":[17,18,32,59,20,21,22,45],"product_tag":[],"class_list":{"0":"post-384","1":"product","2":"type-product","3":"status-publish","4":"has-post-thumbnail","6":"product_cat-agencer-une-surface-de-vente","7":"product_cat-amenager-une-surface-de-stockage","8":"product_cat-rayonnages-mi-lourd","9":"product_cat-star","10":"product_cat-stockage-de-cartons","11":"product_cat-stockage-de-petites-pieces","12":"product_cat-stockage-de-pneumatiques","13":"product_cat-stocker","15":"first","16":"instock","17":"shipping-taxable","18":"product-type-simple"},"acf":[],"_links":{"self":[{"href":"https:\/\/wallonie.continentalrack.be\/index.php?rest_route=\/wp\/v2\/product\/384","targetHints":{"allow":["GET"]}}],"collection":[{"href":"https:\/\/wallonie.continentalrack.be\/index.php?rest_route=\/wp\/v2\/product"}],"about":[{"href":"https:\/\/wallonie.continentalrack.be\/index.php?rest_route=\/wp\/v2\/types\/product"}],"replies":[{"embeddable":true,"href":"https:\/\/wallonie.continentalrack.be\/index.php?rest_route=%2Fwp%2Fv2%2Fcomments&post=384"}],"wp:featuredmedia":[{"embeddable":true,"href":"https:\/\/wallonie.continentalrack.be\/index.php?rest_route=\/wp\/v2\/media\/389"}],"wp:attachment":[{"href":"https:\/\/wallonie.continentalrack.be\/index.php?rest_route=%2Fwp%2Fv2%2Fmedia&parent=384"}],"wp:term":[{"taxonomy":"product_brand","embeddable":true,"href":"https:\/\/wallonie.continentalrack.be\/index.php?rest_route=%2Fwp%2Fv2%2Fproduct_brand&post=384"},{"taxonomy":"product_cat","embeddable":true,"href":"https:\/\/wallonie.continentalrack.be\/index.php?rest_route=%2Fwp%2Fv2%2Fproduct_cat&post=384"},{"taxonomy":"product_tag","embeddable":true,"href":"https:\/\/wallonie.continentalrack.be\/index.php?rest_route=%2Fwp%2Fv2%2Fproduct_tag&post=384"}],"curies":[{"name":"wp","href":"https:\/\/api.w.org\/{rel}","templated":true}]}}