{"id":320,"date":"2022-09-20T13:34:59","date_gmt":"2022-09-20T13:34:59","guid":{"rendered":"https:\/\/dev.continentalrack.fr\/?post_type=product&#038;p=320"},"modified":"2022-10-07T12:53:47","modified_gmt":"2022-10-07T12:53:47","slug":"rayonnages-mobiles","status":"publish","type":"product","link":"https:\/\/wallonie.continentalrack.be\/?product=rayonnages-mobiles","title":{"rendered":"Rayonnages mobiles"},"content":{"rendered":"<p>Nos rayonnages peuvent \u00eatre mont\u00e9s sur des bases mobiles, offrant un gain d&rsquo;espace dans les salles d&rsquo;archives, les bureaux et les d\u00e9p\u00f4ts. Les rails sont fix\u00e9s directement au sol. Le d\u00e9placement des bases se fait manuellement, nous conseillons de limiter la longueur des bases entre 300 cm et 350 cm. Le rayonnage mobile permet un gain de place et de stockage sup\u00e9rieur de 50%.<\/p>\n","protected":false},"excerpt":{"rendered":"<p>Nos rayonnages peuvent \u00eatre mont\u00e9s sur des bases mobiles, offrant un gain d&rsquo;espace dans les salles d&rsquo;archives, les bureaux et les d\u00e9p\u00f4ts. Les rails sont fix\u00e9s directement au sol. Le d\u00e9placement des bases se fait manuellement, nous conseillons de limiter la longueur des bases entre 300 cm et 350 cm. Le rayonnage mobile permet un [&hellip;]<\/p>\n","protected":false},"featured_media":321,"comment_status":"open","ping_status":"closed","template":"","meta":{"_acf_changed":false,"_et_pb_use_builder":"","_et_pb_old_content":"","_et_gb_content_width":""},"product_brand":[],"product_cat":[25,60,33],"product_tag":[],"class_list":{"0":"post-320","1":"product","2":"type-product","3":"status-publish","4":"has-post-thumbnail","6":"product_cat-archiver","7":"product_cat-autre","8":"product_cat-divers","10":"first","11":"instock","12":"shipping-taxable","13":"product-type-simple"},"acf":[],"_links":{"self":[{"href":"https:\/\/wallonie.continentalrack.be\/index.php?rest_route=\/wp\/v2\/product\/320","targetHints":{"allow":["GET"]}}],"collection":[{"href":"https:\/\/wallonie.continentalrack.be\/index.php?rest_route=\/wp\/v2\/product"}],"about":[{"href":"https:\/\/wallonie.continentalrack.be\/index.php?rest_route=\/wp\/v2\/types\/product"}],"replies":[{"embeddable":true,"href":"https:\/\/wallonie.continentalrack.be\/index.php?rest_route=%2Fwp%2Fv2%2Fcomments&post=320"}],"wp:featuredmedia":[{"embeddable":true,"href":"https:\/\/wallonie.continentalrack.be\/index.php?rest_route=\/wp\/v2\/media\/321"}],"wp:attachment":[{"href":"https:\/\/wallonie.continentalrack.be\/index.php?rest_route=%2Fwp%2Fv2%2Fmedia&parent=320"}],"wp:term":[{"taxonomy":"product_brand","embeddable":true,"href":"https:\/\/wallonie.continentalrack.be\/index.php?rest_route=%2Fwp%2Fv2%2Fproduct_brand&post=320"},{"taxonomy":"product_cat","embeddable":true,"href":"https:\/\/wallonie.continentalrack.be\/index.php?rest_route=%2Fwp%2Fv2%2Fproduct_cat&post=320"},{"taxonomy":"product_tag","embeddable":true,"href":"https:\/\/wallonie.continentalrack.be\/index.php?rest_route=%2Fwp%2Fv2%2Fproduct_tag&post=320"}],"curies":[{"name":"wp","href":"https:\/\/api.w.org\/{rel}","templated":true}]}}